{"id":899,"date":"2024-08-07T12:28:05","date_gmt":"2024-08-07T10:28:05","guid":{"rendered":"https:\/\/www.cos.it\/cmmgsoresina\/?page_id=899"},"modified":"2024-08-09T09:53:36","modified_gmt":"2024-08-09T07:53:36","slug":"eventi","status":"publish","type":"page","link":"https:\/\/www.cos.it\/cmmgsoresina\/?page_id=899","title":{"rendered":"Eventi"},"content":{"rendered":"\n<h2 class=\"wp-block-heading\">21 settembre 2024<\/h2>\n\n\n\n<h5 class=\"wp-block-heading\">Convegno su Medicina Generale, epigenetica, longevit\u00e0<\/h5>\n\n\n\n<p>In data 21 settembre in Cremona si terr\u00e0 un convegno a cura del Co.S. e della CMMG per presentare e promuovere attivit\u00e0 di ricerca sulle conseguenze che l\u2019ambiente locale pu\u00f2 determinare sulla salute e longevit\u00e0 dei cittadini.&nbsp;<\/p>\n\n\n\n<p>&nbsp;Tale ricerca si basa sull\u2019utilizzo della tecnologia \u201cS-drive\u201d per l\u2019analisi del bulbo capillare, in grado di verificare e quantificare eventuali carenze di vitamine, minerali e fattori di incidenza sulla salute, determinati da diversi fattori ambientali.&nbsp;<\/p>\n\n\n\n<p>&nbsp;A presto per novit\u00e0 sul convegno.&nbsp;<\/p>\n\n\n\n<p>&nbsp;Staff Co.S.<\/p>\n","protected":false},"excerpt":{"rendered":"<p>21 settembre 2024 Convegno su Medicina Generale, epigenetica, longevit\u00e0 In data 21 settembre in Cremona si terr\u00e0 un convegno a cura del Co.S. e della CMMG per presentare e promuovere attivit\u00e0 di ricerca sulle conseguenze che l\u2019ambiente locale pu\u00f2 determinare sulla salute e longevit\u00e0 dei cittadini.&nbsp; &nbsp;Tale ricerca si basa sull\u2019utilizzo della tecnologia \u201cS-drive\u201d per &hellip; <a href=\"https:\/\/www.cos.it\/cmmgsoresina\/?page_id=899\" class=\"more-link\">Continua la lettura di <span class=\"screen-reader-text\">Eventi<\/span> <span class=\"meta-nav\">&rarr;<\/span><\/a><\/p>\n","protected":false},"author":1,"featured_media":0,"parent":0,"menu_order":0,"comment_status":"closed","ping_status":"closed","template":"","meta":[],"_links":{"self":[{"href":"https:\/\/www.cos.it\/cmmgsoresina\/index.php?rest_route=\/wp\/v2\/pages\/899"}],"collection":[{"href":"https:\/\/www.cos.it\/cmmgsoresina\/index.php?rest_route=\/wp\/v2\/pages"}],"about":[{"href":"https:\/\/www.cos.it\/cmmgsoresina\/index.php?rest_route=\/wp\/v2\/types\/page"}],"author":[{"embeddable":true,"href":"https:\/\/www.cos.it\/cmmgsoresina\/index.php?rest_route=\/wp\/v2\/users\/1"}],"replies":[{"embeddable":true,"href":"https:\/\/www.cos.it\/cmmgsoresina\/index.php?rest_route=%2Fwp%2Fv2%2Fcomments&post=899"}],"version-history":[{"count":2,"href":"https:\/\/www.cos.it\/cmmgsoresina\/index.php?rest_route=\/wp\/v2\/pages\/899\/revisions"}],"predecessor-version":[{"id":948,"href":"https:\/\/www.cos.it\/cmmgsoresina\/index.php?rest_route=\/wp\/v2\/pages\/899\/revisions\/948"}],"wp:attachment":[{"href":"https:\/\/www.cos.it\/cmmgsoresina\/index.php?rest_route=%2Fwp%2Fv2%2Fmedia&parent=899"}],"curies":[{"name":"wp","href":"https:\/\/api.w.org\/{rel}","templated":true}]}}