{"id":234,"date":"2017-11-30T09:21:54","date_gmt":"2017-11-30T08:21:54","guid":{"rendered":"http:\/\/www.cos.it\/cmmgsoresina\/?page_id=234"},"modified":"2020-11-10T17:20:52","modified_gmt":"2020-11-10T16:20:52","slug":"medicina-del-lavoro","status":"publish","type":"page","link":"https:\/\/www.cos.it\/cmmgsoresina\/?page_id=234","title":{"rendered":"MEDICINA DEL LAVORO"},"content":{"rendered":"<p lang=\"zxx\" style=\"text-align: justify;\">Il Centro Medico offre servizio di:<\/p>\n<p lang=\"zxx\" style=\"text-align: justify;\">Prelievi ematici<\/p>\n<p lang=\"zxx\" style=\"text-align: justify;\">Esami urine<\/p>\n<p lang=\"zxx\" style=\"text-align: justify;\">Screening tossicologici<\/p>\n<p lang=\"zxx\" style=\"text-align: justify;\">Elettrocardiogramma<\/p>\n<p lang=\"zxx\" style=\"text-align: justify;\">Visite specialistiche<\/p>\n<p lang=\"zxx\" style=\"text-align: justify;\">nell&#8217;ambito della medicina del lavoro.<\/p>\n<p lang=\"zxx\" style=\"text-align: justify;\"><span style=\"color: #ff0000;\"><b>Per qualsiasi tipo di richiesta di prenotazione il numero 0374 343999 \u00e8 attivo dalle 10.00 alle 12.00 e dalle 15.00 alle 19.00<\/b><\/span><\/p>\n<p lang=\"zxx\" style=\"text-align: justify;\">Preventivi senza impegno.<\/p>\n<p lang=\"zxx\" style=\"text-align: justify;\">In caso di necessit\u00e0 il nostro personale sanitario \u00e8 disponibile a recarsi a domicilio nella sede aziendale.<\/p>\n","protected":false},"excerpt":{"rendered":"<p>Il Centro Medico offre servizio di: Prelievi ematici Esami urine Screening tossicologici Elettrocardiogramma Visite specialistiche nell&#8217;ambito della medicina del lavoro. Per qualsiasi tipo di richiesta di prenotazione il numero 0374 343999 \u00e8 attivo dalle 10.00 alle 12.00 e dalle 15.00 alle 19.00 Preventivi senza impegno. In caso di necessit\u00e0 il nostro personale sanitario \u00e8 disponibile &hellip; <a href=\"https:\/\/www.cos.it\/cmmgsoresina\/?page_id=234\" class=\"more-link\">Continua la lettura di <span class=\"screen-reader-text\">MEDICINA DEL LAVORO<\/span> <span class=\"meta-nav\">&rarr;<\/span><\/a><\/p>\n","protected":false},"author":1,"featured_media":0,"parent":0,"menu_order":0,"comment_status":"closed","ping_status":"closed","template":"","meta":[],"_links":{"self":[{"href":"https:\/\/www.cos.it\/cmmgsoresina\/index.php?rest_route=\/wp\/v2\/pages\/234"}],"collection":[{"href":"https:\/\/www.cos.it\/cmmgsoresina\/index.php?rest_route=\/wp\/v2\/pages"}],"about":[{"href":"https:\/\/www.cos.it\/cmmgsoresina\/index.php?rest_route=\/wp\/v2\/types\/page"}],"author":[{"embeddable":true,"href":"https:\/\/www.cos.it\/cmmgsoresina\/index.php?rest_route=\/wp\/v2\/users\/1"}],"replies":[{"embeddable":true,"href":"https:\/\/www.cos.it\/cmmgsoresina\/index.php?rest_route=%2Fwp%2Fv2%2Fcomments&post=234"}],"version-history":[{"count":3,"href":"https:\/\/www.cos.it\/cmmgsoresina\/index.php?rest_route=\/wp\/v2\/pages\/234\/revisions"}],"predecessor-version":[{"id":752,"href":"https:\/\/www.cos.it\/cmmgsoresina\/index.php?rest_route=\/wp\/v2\/pages\/234\/revisions\/752"}],"wp:attachment":[{"href":"https:\/\/www.cos.it\/cmmgsoresina\/index.php?rest_route=%2Fwp%2Fv2%2Fmedia&parent=234"}],"curies":[{"name":"wp","href":"https:\/\/api.w.org\/{rel}","templated":true}]}}